5) to base 8.
36654763
What is a613 (base 14) in base 2?
110111111011001
What is -b5935 (base 12) in base 7?
-2011043
What is -506670 (base 8) in base 16?
-28db8
What is 4cf960 (base 16) in base 12?
1833394
What is 55d33c (base 14) in base 12?
b88462
71121 (base 9) to base 16
b6a4
Convert -12012202202 (base 3) to base 10.
-102620
What is 3032222122 (base 4) in base 11?
528a87
-4397 (base 14) to base 3
-121001020
239321 (base 11) to base 16
5c616
Convert -33207 (base 11) to base 4.
-23300211
Convert 1011101010001110000 (base 2) to base 12.
165128
-117212 (base 9) to base 7
-413444
What is c09a4 (base 14) in base 16?
71034
What is 1121110012010 (base 3) in base 14?
183979
Convert 222100021011001 (base 3) to base 13.
2b92328
1898837 (base 10) to base 6
104410525
-13210000023 (base 4) to base 11
-1134510
Convert 9b8701 (base 13) to base 15.
4c8b63
What is -111100111010101011 (base 2) in base 13?
-89756
What is -104b25 (base 13) in base 8?
-1352023
1b8386 (base 12) to base 4
1313330112
Convert 1122312 (base 7) to base 5.
13440400
What is -12220122021021 (base 3) in base 14?
-5bb17c
What is -2355305 (base 6) in base 9?
-208465
Convert 1532410 (base 9) to base 16.
cf120
Convert -18108 (base 9) to base 4.
-3003002
Convert -1ee52a (base 15) to base 12.
-611764
Convert -213aa0 (base 11) to base 14.
-8c928
Convert -1141074 (base 9) to base 14.
-121094
Convert -44121333 (base 5) to base 10.
-379593
Convert -2405306 (base 7) to base 13.
-a871c
43bf0 (base 16) to base 8
1035760
-1111111000022 (base 3) to base 10
-796805
What is -2a8280 (base 15) in base 10?
-2052570
Convert -34a233 (base 15) to base 11.
-1468509
What is 2214312034 (base 5) in base 10?
4838394
312126 (base 7) to base 13
1b504
Convert 6338b (base 15) to base 12.
132135
-81005 (base 12) to base 14
-4512d
Convert -4271663 (base 9) to base 6.
-121034433
11101002121 (base 3) to base 7
505666
-111100110212 (base 3) to base 5
-31402122
What is -1404435 (base 10) in base 13?
-3a2336
Convert -110100000110100 (base 2) to base 16.
-6834
Convert 12001530 (base 6) to base 13.
101103
What is 26b35 (base 16) in base 12?
77899
Convert -11322300 (base 4) to base 5.
-1233430
Convert -231ca0 (base 14) to base 5.
-301234012
What is 18a9aa (base 11) in base 8?
1073532
Convert 202341433 (base 5) to base 15.
1144e8
What is -1840c (base 16) in base 7?
-562423
Convert -500002135 (base 6) to base 14.
-11889bd
Convert -245610 (base 10) to base 16.
-3bf6a
-11222220220 (base 3) to base 4
-120000312
Convert 30042220 (base 5) to base 2.
111001111010000001
-21033301 (base 4) to base 13
-14314
What is -3220326 (base 9) in base 6?
-100553510
Convert 4839940 (base 10) to base 16.
49da04
Convert 269d3 (base 15) to base 3.
20021201100
41501254 (base 6) to base 13
332998
1778453 (base 12) to base 6
252430543
Convert 11cda9 (base 14) to base 11.
388781
What is 1111110101010001010 (base 2) in base 5?
113100134
What is 7366254 (base 8) in base 2?
111011110110010101100
Convert -121027 (base 8) to base 13.
-15b6c
What is -10420001 (base 5) in base 11?
-63034
468731 (base 13) to base 10
1675337
What is 1112022012 (base 4) in base 2?
1010110001010000110
Convert -435957 (base 11) to base 3.
-1022100122022
What is 2b22c4 (base 16) in base 5?
1210430243
Convert -27460 (base 16) to base 3.
-22011122221
What is -a134 (base 14) in base 16?
-6c22
-797236 (base 11) to base 4
-10311233310
Convert 1036106 (base 7) to base 5.
13030330
What is -58447 (base 11) in base 10?
-84388
What is -50a6c (base 14) in base 9?
-325266
What is -222011010020 (base 3) in base 8?
-1755311
Convert a2a53 (base 12) to base 16.
33d5f
-10111000010001100010 (base 2) to base 6
-24102214
1d8570 (base 16) to base 14
3850d2
Convert -266b5 (base 13) to base 6.
-1310510
Convert -262052 (base 12) to base 4.
-2120232332
Convert 323013 (base 12) to base 15.
10a02c
Convert 11100000100111110100 (base 2) to base 3.
1201202002000
Convert -53838 (base 16) to base 3.
-122101020100
What is -7581990 (base 10) in base 4?
-130323010212
8963e (base 15) to base 5
102434114
Convert 2312420 (base 5) to base 2.
1010001010001010
Convert 18833688 (base 9) to base 4.
210112133231
-2a558 (base 12) to base 9
-100605
Convert 2648312 (base 9) to base 15.
1d973b
Convert -11452756 (base 10) to base 6.
-1045250004
What is 7db3c (base 16) in base 7?
4243045
-131332231221 (base 4) to base 12
-2770089
What is -54cc (base 16) in base 12?
-10690
Convert 665048 (base 10) to base 7.
5436626
What is -131158 (base 10) in base 15?
-28cdd
-202201012020211 (base 3) to base 2
-101001111111001010100010
What is -16444 (base 11) in base 9?
-34682
What is -3017726 (base 9) in base 13?
-44334c
What is 2050335 (base 6) in base 2?
11000011001010011
What is -1001122010012 (base 3) in base 2?
-10001001100110010011
-2daa5e (base 15) to base 7
-24544535
-85710 (base 12) to base 16
-2adbc
Convert 400b (base 12) to base 11.
5224
-27172 (base 12) to base 3
-2201210112
-2241774 (base 9) to base 10
-1208587
Convert 139c59 (base 13) to base 10.
478851
What is 110110101111001110011 (base 2) in base 10?
1793651
-b0a41 (base 14) to base 7
-3415611
What is -10db915 (base 15) in base 2?
-101110000111001001110000
Convert -1aa24a4 (base 11) to base 13.
-9686b5
643d9a (base 14) to base 12
1176830
-64c0b9 (base 14) to base 12
-118762b
What is 11033431 (base 5) in base 8?
273564
101100100011110100 (base 2) to base 14
4a72c
-271179 (base 15) to base 9
-3470476
Convert 15405 (base 7) to base 6.
31553
What is 42266 (base 12) in base 13?
30654
Convert 113a26 (base 12) to base 3.
112000220110
What is -173a5 (base 11) in base 10?
-24436
1ba3bc (base 13) to base 4
2230320000
-33304004 (base 5) to base 10
-291129
Convert -263342 (base 9) to base 7.
-1234163
-110412132 (base 6) to base 14
-39c172
What is -381b78 (base 12) in base 15?
-131528
Convert 3556343 (base 8) to base 11.
605901
Convert 21120200201 (base 3) to base 16.
246e5
Convert 16002665 (base 9) to base 5.
4020123433
-26545201 (base 7) to base 10
-2448433
1134022104 (base 5) to base 3
11222020100120
-11124204 (base 5) to base 8
-300567
11910a3 (base 13) to base 14
a20c41
Convert 5673274 (base 8) to base 10.
1537724
Convert -550c5 (base 13) to base 9.
-254156
Convert -2331213 (base 6) to base 11.
-82861
What is 29417 (base 14) in base 12?
4b279
1031012 (base 4) to base 15
16de
Convert 1110000001111100111 (base 2) to base 12.
1a2087
What is 431044100 (base 5) in base 8?
6731745
Convert 30474 (base 13) to base 10.
86454
-3dfbd (base 16) to base 9
-426234
11100110101001011 (base 2) to base 15
24ecb
Convert 233b (base 14) to base 8.
13761
Convert -146544 (base 7) to base 4.
-13001022
Convert 32307017 (base 8) to base 5.
3232331042
Convert -5457872 (base 10) to base 15.
-72c232
1010010001111111001111 (base 2) to base 11
1580979
-1423401243 (base 5) to base 16
-38eff8
Convert 10201021201200 (base 3) to base 11.
1129056
-66356506 (base 8) to base 3
-222212101200021
10248363 (base 9) to base 5
2230332233
What is -1101111001110011001111 (base 2) in base 9?
-6764431
What is 7a4286 (base 14) in base 5?
2031113124
Convert -2210211000020 (base 3) to base 5.
-340223034
Convert 10201021202120 (base 3) to base 15.
28ed23
Convert -9635a (base 11) to base 4.
-202032113
What is -1334551 (base 10) in base 12?
-544387
Convert 100600233 (base 8) to base 13.
3693c99
Convert 2135782 (base 11) to base 2.
1110010100111010101000
1105415202 (base 6) to base 5
11034233041
Convert -64678 (base 9) to base 16.
-a757
What is -1193897 (base 10) in base 8?
-4433651
-3300cb (base 13) to base 11
-74a413
Convert 4008676 (base 11) to base 12.
2463571
What is -278997 (base 11) in base 5?
-102431212
Convert 2152005 (base 7) to base 10.
264801
What is 4180577 (base 9) in base 7?
25010062
Convert -30101300202 (base 4) to base 14.
-5daca6
What is 10010010110110101000010 (base 2) in base 3?
100001110221212
-3512242 (base 6) to base 10
-180674
Convert -3157240 (base 8) to base 4.
-3031322200
26746 (base 15) to base 12
5b319
-2b1bc (base 14) to base 5
-11414003
Convert 113233012 (base 4) to base 10.
97222
What is 1143665 (base 7) in base 4?
203200112
What is 230411140 (base 5) in base 10?
1028920
Convert -937577 (base 11) to base 13.
-4083a3
-878533 (base 12) to base 6
-114031303
What is -111220332 (base 4) in base 9?
-144526
3086a 